23
Let r = -324 + 330. Suppose -838 = -r*s + 4196. List the prime factors of s.
839
Let l(s) = 2*s**2 - 12*s + 17. Suppose 8*h + 2 = 154. Suppose -5 = 2*t - h. List the prime factors of l(t).
31
Let q = -139 - -249. Suppose 6*p - q = 4*p. List the prime factors of (4 - 1) + p - 0.
2, 29
Let m = -11475 - -17407. List the prime factors of m.
2, 1483
Suppose 0 = -2*c - 2*n - 19 + 33, 4*n + 35 = 5*c. Suppose 0 = c*o - 2033 - 4568. What are the prime factors of o?
23, 41
Let p(g) = 1354*g - 287. What are the prime factors of p(5)?
3, 2161
Let m(t) = 111*t - 32. Let p be m(1). Suppose 0 = 22*y - p - 27421. List the prime factors of y.
2, 5
Let a(d) = d**3 - 7*d**2 + 6*d + 8. Let u = -14 + 20. Let g be a(u). Suppose -221 + g = -4*k - 5*x, 2*k - 104 = -2*x. List the prime factors of k.
47
Let o = 19762 - -18518. List the prime factors of o.
2, 3, 5, 11, 29
Suppose 21*k - 55711 - 41755 = 13078. List the prime factors of k.
2, 7, 47
Suppose 3*z - 11 = -3*m + 2*m, 5*m = 5*z - 45. Let c be (16/m)/(-2) + 59. Suppose 3*f - c - 140 = 0. What are the prime factors of f?
67
Suppose -3 = -2*x - w, 2*x - 28 = 23*w - 19*w. What are the prime factors of (-834)/(x - (9 - 2))?
2, 139
Suppose -14*l + 45*l - 964991 = 12*l. List the prime factors of l.
50789
Let m = -27 + 57. Suppose -7*n + m = -2*n. Let j(f) = 18*f + 21. List the prime factors of j(n).
3, 43
Let g be (570/(-10) + -3)/(-2). Suppose 3*d = 36 + 21. Let s = d + g. What are the prime factors of s?
7
Let c = 165 - 101. Let p = 64 - c. Suppose p = 4*k - 2*k - 232. List the prime factors of k.
2, 29
Suppose -4274 + 1518 - 5860 = -2*m. List the prime factors of m.
2, 3, 359
Suppose -u = 5*m + 108, -64 = 3*m + 8*u - 7*u. What are the prime factors of (514 - (m - -9)) + (1 - 4)?
2, 131
Let r = -2721 + 22932. What are the prime factors of r?
3, 6737
Suppose 6*r = -0*r + 666. Suppose 20 = 4*p, 5*p - r = -2*a + 2*p. Suppose 2*z + 211 = 4*k + 5*z, -k + 4*z + a = 0. What are the prime factors of k?
2, 13
Let f = 8 - -9. Suppose -72 = 44*x - 281 - 187. Let h = f + x. List the prime factors of h.
2, 13
Let t(j) = 127*j**2 - 19*j + 82. List the prime factors of t(7).
2, 1543
Let u(i) = -22*i**2 + 625*i**3 - 4*i - 6*i + 14 - 626*i**3 - 3*i**2. List the prime factors of u(-25).
2, 3, 11
Suppose -4*u - 212 = -2*z - z, z - 58 = -5*u. Let d = z + -65. Suppose -4*h - 502 = -d*v, v + 4*v + 2*h = 880. What are the prime factors of v?
2, 3, 29
Let r = -25291 - -47371. List the prime factors of r.
2, 3, 5, 23
Suppose 22*z = 36*z. Suppose z = 6*j - 443 - 1951. What are the prime factors of j?
3, 7, 19
Let o = 150 - 158. Let u(p) = -2*p**3 - 13*p**2 - 10*p - 4. List the prime factors of u(o).
2, 67
Suppose 0 = -5*t - 402 - 513. Suppose 117 + 11 = -2*q. Let s = q - t. List the prime factors of s.
7, 17
Let o(y) be the third derivative of 19*y**4/24 - 5*y**3/6 + 8*y**2. Let d be o(10). Suppose 5*f = -5*x + d, 2*x + 0*f = -4*f + 70. List the prime factors of x.
3, 13
Suppose -5*f - 120 = -2*f. Let c = f + 33. List the prime factors of 4/14 + (-243)/c.
5, 7
Let q(h) = -3*h + 35. Let p be q(10). Suppose 112 = -v - s - 32, -p = -5*s. Let k = v - -358. List the prime factors of k.
3, 71
Suppose -11032 = 196*r - 203*r. Suppose -4*z + 3150 = -f, 17*z - 19*z + r = -f. What are the prime factors of z?
787
Let s(t) = 8*t - 1090. Let z(c) = -9*c + 1090. Let o(r) = -5*s(r) - 4*z(r). Let y be o(0). Suppose 6*q - y + 280 = 0. List the prime factors of q.
3, 5
Suppose 0 = -2*o + 8*o - 24. Suppose 0 = -4*b + 5*n + 5489, -6*b + 7*b - 1388 = -o*n. List the prime factors of b.
2, 43
Let v(z) = -5*z**3 - 6*z**2 - 11*z. Let a be 5 - 3 - -4 - (0 - -11). List the prime factors of v(a).
2, 5, 53
Suppose 96*q + 193760 = 112*q. List the prime factors of q.
2, 5, 7, 173
Suppose 102139 = 5*w + 2*q, 3*w = 317*q - 314*q + 61317. List the prime factors of w.
20431
Suppose 16*j - 62822 - 8588 = 66158. List the prime factors of j.
2, 3, 1433
Let o = 43 - 37. Let k = o + 9. Suppose 0 = c + 8 - k. List the prime factors of c.
7
Suppose -z + 44 = -23. Suppose 0 = t + g - 420 + z, -g = -4*t + 1427. What are the prime factors of t?
2, 89
Let z(f) be the second derivative of -f**3/6 - 9*f**2/2 + 16*f. Let u be z(-9). Suppose -2*i + 141 - 3 = u. List the prime factors of i.
3, 23
Let g = -1071 - -3468. What are the prime factors of g?
3, 17, 47
Suppose -20516*b + 28120 = -20508*b. List the prime factors of b.
5, 19, 37
Suppose -2*f + 2*p = -30 + 74, -f - 30 = 3*p. Let v = f + 28. Suppose -156 = -3*i - 3*r, -v*i - 2*r = -112 - 102. List the prime factors of i.
5, 11
Let v(b) = -b**3 - 3*b**2 + 3*b - 5. Let h be v(-5). Let t = -23 - h. Let m = 82 + t. List the prime factors of m.
29
Suppose -5*y + 5*h - 3*h = -932, 2*y - 5*h = 356. Let v = y - 1213. List the prime factors of (v/20)/((-3)/12).
5, 41
Let q = -93 + 105. Suppose -6*b = -2*b - q. What are the prime factors of ((-250)/(-4) + b)*16/8?
131
Let l be (-2)/(-7) - ((-9002)/49 + 5). Suppose -16069 + l = -14*u. List the prime factors of u.
5, 227
Suppose -5*k - 2*n = -28983, 3*k = 5*n + 11220 + 6145. List the prime factors of k.
5, 19, 61
Suppose -5*j = 2*g - 2, 13*j - 14*j + 5 = 5*g. Suppose -6*a + 2864 + 1846 = j. List the prime factors of a.
5, 157
Suppose -19*q + 336405 = -544340. List the prime factors of q.
5, 73, 127
Let k(h) = 15*h - 16. Let t(f) = 15*f - 17. Let i(s) = 5*k(s) - 4*t(s). Suppose 0 = q + 4 - 8. What are the prime factors of i(q)?
2, 3
Suppose 5*j - 210 = 26*j. What are the prime factors of 3*j/(-3)*441/14?
3, 5, 7
Suppose 10*t = 15*t + 565. Let o = 219 - t. Suppose o = 4*k - 60. What are the prime factors of k?
2, 7
Let a(q) = q**2 - 40*q + 204. Let f be a(34). Suppose f = -2*r + 4*t + 2728, 14 = 5*t - 6. List the prime factors of r.
2, 7
Suppose 4*q = -24, 18*p - 4*q - 16998 = 15*p. List the prime factors of p.
2, 3, 23, 41
Let p(k) = k**3 - 13*k**2 + 15*k - 13. Let n be p(12). Let a = -66 + 55. Let l = n + a. List the prime factors of l.
2, 3
Let r = 102 + -82. Suppose -r*a = -94 + 14. List the prime factors of (316/(-8) + 3)/(a/(-8)).
73
Suppose p - p - 4*p = -43784. List the prime factors of p.
2, 13, 421
Suppose 162204 = 81*b - 1629759. List the prime factors of b.
22123
List the prime factors of 47353 + 2 - 11136/464.
3, 1753
Let c = 8017 + -3661. List the prime factors of c.
2, 3, 11
Let c(a) = 2*a**3 + 27*a**2 - 108*a - 159. What are the prime factors of c(25)?
2, 13, 1741
Suppose 8*k + 5*z = 10*k - 19663, 2*z = 2. What are the prime factors of k?
2, 3, 11, 149
Suppose -2*w = -3*s - 4*w + 124337, 2*s - 82893 = -w. List the prime factors of s.
181, 229
Suppose -2*f + 64374 = 4*l, -76*l = -f - 79*l + 32181. List the prime factors of f.
3, 10733
Suppose -5*q = -g - 0*g + 23261, 3*q - 69639 = -3*g. List the prime factors of g.
11, 2111
Suppose 2*o + 2 = 2. Suppose 2110 = 4*x + 2*n, o*n - 3*n = -x + 531. Suppose -80 = -8*p + x. List the prime factors of p.
2, 19
Let x = 4385 + 2444. What are the prime factors of x?
6829
Suppose -5*b - 2641 = -v, 5*b = 2*b - 5*v - 1579. Let h = b - -763. List the prime factors of h.
5, 47
Suppose 8*q - 164900 = 64012. What are the prime factors of q?
2, 3, 19, 251
Let x = -48 + -13. Let j = 322 - x. Suppose s = 2*k - 389, 0 = 2*k - 6*s + 3*s - j. List the prime factors of k.
2, 7
Suppose 4*n - 34408 = -i, -34392 = 144*n - 148*n + 3*i. List the prime factors of n.
3, 47, 61
Let h(z) = 993*z - 8377. List the prime factors of h(14).
5, 13, 17
List the prime factors of 6/(-36) + (55025485/(-30))/(-41).
2, 3, 233
Let p = 63 + -58. Suppose -5*i - p*j + 1190 = 0, j + 2*j = -5*i + 1186. What are the prime factors of i?
2, 59
Suppose -2*c = -470 - 846. Let z = 1116 - c. What are the prime factors of z?
2, 229
Let i(g) = g**2 + 12*g - 5. Let x be i(5). Let t be x/(-12) + 16/(-12). List the prime factors of (-3)/(-6) + -1 + (-940)/t.
3, 13
Suppose -2*t - 2*t = -5*t. Suppose 4*q + 2*f + 520 = t, -3*q + f = -4*f + 403. Let j = q + 264. What are the prime factors of j?
7, 19
Let c be 7/((-7)/(-4)) - -39. Let t = -115 + c. Let v = t + 113. What are the prime factors of v?
41
List the prime factors of (-305284)/(-35) - 15 - (-6)/10.
2, 7, 311
Suppose -13*t = -12138 - 6439. Let p = t - 697. List the prime factors of p.
2, 3, 61
Suppose -4*y + 160 - 504 = 0. List the prime fac